r of 165771 and 315?
9
Calculate the greatest common factor of 6000 and 4061040.
240
What is the highest common divisor of 1871394 and 714?
714
Calculate the highest common factor of 5126 and 28882214.
466
Calculate the highest common factor of 1386 and 23910894.
126
What is the highest common divisor of 25410532 and 35?
7
What is the highest common divisor of 10353 and 29131863?
1479
What is the highest common factor of 17250 and 21965?
115
Calculate the greatest common divisor of 9272 and 24568.
8
Calculate the greatest common factor of 8018960 and 80.
80
Calculate the highest common divisor of 68643 and 2606346.
261
What is the highest common divisor of 2 and 947798?
2
What is the highest common factor of 698528 and 2666624?
2656
Calculate the highest common divisor of 61301 and 48675.
59
What is the highest common factor of 3427 and 381800?
23
What is the highest common factor of 23758 and 13454?
14
Calculate the highest common divisor of 22278843 and 711.
9
Calculate the highest common divisor of 13909018 and 11942.
1706
Calculate the highest common factor of 25925 and 22049.
17
Calculate the greatest common factor of 70611994 and 149.
149
Calculate the greatest common factor of 10374 and 6091176.
546
What is the greatest common factor of 5785 and 1435460?
65
What is the greatest common factor of 236379 and 1176252?
627
What is the greatest common divisor of 6744715 and 285?
95
What is the highest common divisor of 23 and 122830764?
23
Calculate the highest common divisor of 50381 and 169486.
83
What is the greatest common factor of 5004 and 1295788302?
2502
What is the highest common divisor of 34473 and 2994?
3
What is the greatest common factor of 507976 and 1871352?
2632
Calculate the greatest common factor of 8930 and 66265958.
1786
Calculate the greatest common divisor of 77964 and 719832.
1068
What is the highest common factor of 328883149 and 147?
49
What is the highest common divisor of 4833974 and 146?
2
What is the highest common divisor of 11261 and 896476949?
11261
What is the highest common factor of 287490 and 10115?
35
Calculate the highest common divisor of 5635 and 839874210.
5635
What is the greatest common divisor of 1506 and 1321392?
6
What is the highest common factor of 6768 and 7308688?
752
What is the greatest common factor of 20106 and 128826?
18
What is the highest common divisor of 293 and 678413079?
293
What is the greatest common divisor of 15747280 and 80?
80
What is the highest common factor of 329185 and 16470?
5
What is the greatest common divisor of 415750 and 146?
2
Calculate the greatest common factor of 578383918 and 30352.
3794
Calculate the greatest common factor of 30125 and 4045.
5
What is the highest common factor of 931 and 12886216?
49
Calculate the greatest common divisor of 20916 and 4879404.
2988
Calculate the highest common divisor of 3753 and 78118.
139
Calculate the highest common factor of 507451793 and 2999.
2999
Calculate the greatest common divisor of 19126377 and 45.
9
Calculate the greatest common divisor of 1695040 and 608.
32
What is the highest common factor of 9142 and 204675667?
4571
Calculate the greatest common factor of 30365 and 3880647.
6073
Calculate the highest common factor of 53244 and 6708.
12
What is the highest common factor of 122878377 and 1539?
1539
What is the greatest common divisor of 359372 and 40196?
52
What is the greatest common factor of 766 and 5726233?
383
Calculate the greatest common factor of 2522 and 175396.
26
Calculate the greatest common divisor of 79003089 and 71533.
10219
Calculate the highest common divisor of 583768 and 47816.
344
What is the highest common factor of 597846 and 1110?
222
What is the greatest common divisor of 21 and 1447409?
1
Calculate the greatest common divisor of 272560 and 720.
80
What is the greatest common divisor of 116718 and 141708?
294
Calculate the greatest common factor of 22564383 and 151.
151
Calculate the greatest common divisor of 1083 and 179208.
57
Calculate the highest common factor of 12446 and 948227.
7
Calculate the highest common divisor of 67108 and 1324500.
3532
What is the highest common factor of 1694 and 1964556?
242
Calculate the greatest common divisor of 4792 and 1050984.
8
Calculate the highest common factor of 69550 and 12485616.
2782
Calculate the highest common factor of 184 and 88575553.
23
What is the greatest common factor of 4160 and 49352?
8
Calculate the highest common factor of 10 and 2902160.
10
What is the highest common divisor of 126537950 and 385?
385
Calculate the greatest common divisor of 9164 and 98276.
316
What is the greatest common divisor of 9706 and 710516?
46
Calculate the greatest common factor of 236652 and 545628.
492
What is the greatest common factor of 25920 and 6815340?
1620
Calculate the highest common divisor of 9118870 and 93073.
571
Calculate the greatest common divisor of 11016969 and 262.
131
Calculate the highest common divisor of 4416 and 153042.
138
What is the highest common divisor of 55338072 and 24?
24
What is the highest common factor of 93 and 8789554?
31
What is the greatest common factor of 261 and 504459?
9
What is the highest common factor of 4630132 and 52?
52
Calculate the greatest common factor of 3061554 and 1965762.
3702
What is the greatest common divisor of 3551715634 and 86?
86
What is the greatest common divisor of 4473657 and 1608?
201
What is the highest common factor of 580 and 967556?
116
Calculate the highest common factor of 12299154 and 2114.
14
What is the greatest common divisor of 80335 and 10545?
5
What is the greatest common divisor of 330 and 3970626?
66
Calculate the highest common factor of 2952 and 6808.
8
Calculate the highest common factor of 2270323 and 10648.
121
What is the highest common divisor of 6535695 and 10?
5
What is the highest common divisor of 164061767 and 1841?
263
What is the greatest common divisor of 68 and 450058?
34
Calculate the greatest common factor of 47154 and 788916.
174
What is the highest common divisor of 2156990776 and 296?
296
Calculate the greatest common factor of 1631513850 and 2850.
2850
What is the highest common factor of 35533 and 929?
1
Calculate the greatest common factor of 23016 and 10878.
42
What is the greatest common divisor of 842 and 4651442918?
842
Calculate the greatest common divisor of 1454751 and 9.
9
Calculate the highest common divisor of 435261 and 3396.
3
Calculate the greatest common factor of 2552 and 42157242.
58
Calculate the highest common divisor of 599965509 and 39.
39
Calculate the greatest common factor of 3376618 and 42.
14
Calculate the highest common factor of 5167 and 997.
1
What is the greatest common factor of 48 and 68582856?
24
What is the highest common factor of 1773 and 30024?
9
Calculate the highest common factor of 2288 and 137870018.
286
What is the highest common divisor of 168 and 65196740?
28
Calculate the highest common divisor of 346286246 and 328.
82
Calculate the highest common divisor of 3621 and 2977953.
213
What is the greatest common divisor of 1522 and 109533013?
761
Calculate the highest common factor of 10795 and 12530836.
2159
What is the greatest common divisor of 4741873 and 5561?
83
Calculate the highest common divisor of 132163 and 1514138.
149
What is the greatest common divisor of 14532645 and 3900?
15
What is the highest common factor of 915 and 1908870?
15
Calculate the greatest common divisor of 1175507 and 10741.
23
Calculate the highest common divisor of 127 and 327955021.
127
What is the greatest common divisor of 16575 and 17655690?
3315
Calculate the greatest common factor of 281650 and 85.
5
What is the greatest common divisor of 235 and 1110?
5
What is the highest common factor of 1903 and 483755921?
1903
What is the greatest common divisor of 9706 and 3587?
211
Calculate the greatest common divisor of 11387376 and 49608.
936
Calculate the greatest common divisor of 9220 and 751540.
20
Calculate the highest common divisor of 2994200 and 232.
8
Calculate the greatest common divisor of 2902710 and 10.
10
Calculate the highest common divisor of 58489 and 29670.
23
What is the highest common factor of 474979675 and 775?
775
What is the greatest common divisor of 47 and 15509?
1
Calculate the greatest common